f 12567700.
2, 5, 109, 1153
List the prime factors of 844868.
2, 211217
List the prime factors of 3200095.
5, 640019
List the prime factors of 672211.
67, 79, 127
List the prime factors of 979902.
2, 3, 7, 11, 101
What are the prime factors of 255508?
2, 11, 5807
What are the prime factors of 20474160?
2, 3, 5, 7, 1741
What are the prime factors of 2160867?
3, 720289
List the prime factors of 12972.
2, 3, 23, 47
What are the prime factors of 871305?
3, 5, 29, 2003
List the prime factors of 16232909.
7, 11, 17, 12401
What are the prime factors of 167884?
2, 19, 47
List the prime factors of 7675428.
2, 3, 37, 59, 293
What are the prime factors of 7800287?
11, 709117
List the prime factors of 142157.
142157
What are the prime factors of 2392157?
19, 137, 919
List the prime factors of 482642.
2, 241321
List the prime factors of 4189256.
2, 523657
List the prime factors of 439948.
2, 109987
What are the prime factors of 3398320?
2, 5, 107, 397
What are the prime factors of 342073?
342073
List the prime factors of 176692.
2, 163, 271
What are the prime factors of 2155786?
2, 1077893
What are the prime factors of 11881386?
2, 3, 11, 23, 2609
What are the prime factors of 7593227?
1163, 6529
What are the prime factors of 976672?
2, 23, 1327
List the prime factors of 203562.
2, 3, 43, 263
What are the prime factors of 1531045?
5, 306209
What are the prime factors of 64619?
19, 179
What are the prime factors of 763414?
2, 381707
List the prime factors of 182075.
5, 7283
What are the prime factors of 1725492?
2, 3, 143791
What are the prime factors of 160674?
2, 3, 61, 439
What are the prime factors of 104117?
13, 8009
What are the prime factors of 870808?
2, 17, 19, 337
What are the prime factors of 1238038?
2, 619019
List the prime factors of 1123384.
2, 140423
List the prime factors of 6611088.
2, 3, 11, 19, 659
What are the prime factors of 1986786?
2, 3, 23, 4799
List the prime factors of 137829.
3, 45943
List the prime factors of 252831.
3, 71, 1187
What are the prime factors of 9316436?
2, 571, 4079
What are the prime factors of 31405?
5, 11, 571
List the prime factors of 6039523.
7, 862789
What are the prime factors of 13246775?
5, 529871
List the prime factors of 12602896.
2, 23, 1489
List the prime factors of 1569331.
1569331
List the prime factors of 655855.
5, 131171
List the prime factors of 17529.
3, 5843
List the prime factors of 1254155.
5, 7, 5119
List the prime factors of 360682.
2, 7, 25763
List the prime factors of 1680259.
7, 53, 647
List the prime factors of 391770.
2, 3, 5, 1451
List the prime factors of 793123.
793123
List the prime factors of 639298.
2, 11, 29059
What are the prime factors of 115620?
2, 3, 5, 41, 47
What are the prime factors of 113958?
2, 3, 13, 487
List the prime factors of 19624658.
2, 23, 233, 1831
What are the prime factors of 1284385?
5, 256877
List the prime factors of 278222.
2, 7, 17, 167
What are the prime factors of 110199?
3, 109, 337
List the prime factors of 265516.
2, 41, 1619
List the prime factors of 949125.
3, 5, 2531
What are the prime factors of 387410?
2, 5, 19, 2039
List the prime factors of 3009304.
2, 389, 967
What are the prime factors of 11447718?
2, 3, 43, 44371
What are the prime factors of 54375?
3, 5, 29
What are the prime factors of 9562244?
2, 19, 47, 2677
List the prime factors of 210488.
2, 83, 317
What are the prime factors of 577021?
587, 983
List the prime factors of 1385855.
5, 31, 8941
List the prime factors of 545982.
2, 3, 90997
List the prime factors of 1394908.
2, 241, 1447
List the prime factors of 244529.
244529
What are the prime factors of 16499?
7, 2357
List the prime factors of 4885110.
2, 3, 5, 37, 163
What are the prime factors of 1130856?
2, 3, 47119
What are the prime factors of 1839589?
1839589
List the prime factors of 766337.
11, 13, 23, 233
List the prime factors of 4860393.
3, 181, 8951
What are the prime factors of 7142186?
2, 59, 60527
What are the prime factors of 309067?
11, 28097
List the prime factors of 594751.
594751
What are the prime factors of 41488?
2, 2593
What are the prime factors of 197818?
2, 98909
What are the prime factors of 6117736?
2, 764717
List the prime factors of 9797085.
3, 5, 31, 2341
List the prime factors of 5249215.
5, 1049843
List the prime factors of 244078.
2, 122039
What are the prime factors of 219395?
5, 11, 3989
List the prime factors of 7783078.
2, 29, 134191
What are the prime factors of 1410917?
83, 89, 191
What are the prime factors of 359789?
23, 15643
What are the prime factors of 16794431?
1489, 11279
What are the prime factors of 1036748?
2, 23, 59, 191
List the prime factors of 4062942.
2, 3, 13, 97, 179
List the prime factors of 1804373.
19, 23, 4129
List the prime factors of 1706710.
2, 5, 103, 1657
List the prime factors of 3001434.
2, 3, 500239
List the prime factors of 120983.
337, 359
List the prime factors of 10026361.
31, 281, 1151
What are the prime factors of 1037067?
3, 345689
List the prime factors of 485720.
2, 5, 12143
What are the prime factors of 2410335?
3, 5, 29, 1847
List the prime factors of 69048.
2, 3, 7, 137
What are the prime factors of 86761?
53, 1637
List the prime factors of 25986434.
2, 137, 94841
What are the prime factors of 2552767?
7, 67, 5443
List the prime factors of 786636.
2, 3, 21851
List the prime factors of 1161410.
2, 5, 116141
What are the prime factors of 205051?
7, 11, 2663
What are the prime factors of 565819?
29, 109, 179
What are the prime factors of 1193971?
1193971
What are the prime factors of 3496628?
2, 17, 51421
What are the prime factors of 869498?
2, 7, 173, 359
What are the prime factors of 5235710?
2, 5, 523571
What are the prime factors of 507926?
2, 17, 14939
List the prime factors of 734121.
3, 81569
List the prime factors of 554562.
2, 3, 30809
List the prime factors of 11347044.
2, 3, 945587
List the prime factors of 93671.
47, 1993
List the prime factors of 19962468.
2, 3, 311, 1783
List the prime factors of 164717.
7, 23531
What are the prime factors of 5139264?
2, 3, 13, 29, 71
List the prime factors of 9931.
9931
List the prime factors of 41034.
2, 3, 7, 977
List the prime factors of 12187392.
2, 3, 7, 2267
List the prime factors of 31904940.
2, 3, 5, 53, 79, 127
List the prime factors of 160902.
2, 3, 7, 1277
What are the prime factors of 152853?
3, 50951
List the prime factors of 265794.
2, 3, 31, 1429
What are the prime factors of 6179262?
2, 3, 17, 29, 2089
What are the prime factors of 324038?
2, 11, 13, 103
What are the prime factors of 327594?
2, 3, 71, 769
List the prime factors of 517328.
2, 7, 31, 149
List the prime factors of 290651.
23, 12637
List the prime factors of 845854.
2, 422927
List the prime factors of 961460.
2, 5, 48073
List the prime factors of 1636059.
3, 23, 131, 181
List the prime factors of 259612.
2, 41, 1583
What are the prime factors of 13862886?
2, 3, 2310481
List the prime factors of 766273.
766273
List the prime factors of 114198.
2, 3, 7, 2719
What are the prime factors of 165587?
165587
What are the prime factors of 297629?
297629
List the prime factors of 7407601.
7407601
List the prime factors of 3353709.
3, 17, 19, 3461
What are the prime factors of 1166705?
5, 233341
What are the prime factors of 1217021?
13, 179, 523
What are the prime factors of 299711?
299711
List the prime factors of 182611.
11, 13, 1277
List the prime factors of 566727.
3, 7, 26987
List the prime factors of 2243143.
7, 320449
List the prime factors of 2041141.
1399, 1459
What are the prime factors of 14356262?
2, 17, 422243
What are the prime factors of 122191?
71, 1721
What are the prime factors of 549683?
549683
List the prime factors of 1231215.
3, 5, 79, 1039
List the prime factors of 13394613.
3, 809, 5519
List the prime factors of 765405.
3, 5, 73, 233
What are the prime factors of 428631?
3, 7, 20411
List the prime factors of 1062592.
2, 16603
List the prime factors of 77195.
5, 15439
What are the prime factors of 1165379?
1165379
What are the prime factors of 20702262?
2, 3, 7, 492911
List the prime factors of 2483931.
3, 23, 35999
List the prime factors of 1009286.
2, 23, 37, 593
List the prime factors of 319399.
319399
What are the prime factors of 4044838?
2, 7, 43, 6719
List the prime factors of 1517700.
2, 3, 5, 5059
